t common divisor of 24 and r.
8
Suppose 0 = 13*b - 55*b + 252. Suppose -2*o + b*u - u = -84, 5*o + 5*u = 175. What is the greatest common factor of 296 and o?
37
Suppose -2*x + 2322 - 147 = 5*t, -3*t - 4*x + 1291 = 0. What is the highest common divisor of 38 and t?
19
Suppose -3019 = -5*z + 3*p, 4*p - 2998 = 32*z - 37*z. Calculate the greatest common divisor of z and 473.
43
Let m(d) = 9*d**2 + 6*d + 21. Let i be m(-3). Let c be (273/65)/((-3)/(-45)). What is the highest common factor of i and c?
21
Suppose r = -4*r + 1720. Let a = -64 + r. Let w = -25 - -65. Calculate the highest common divisor of w and a.
40
Let q be 850/(-6) + 12/18. Let u = q + 206. Let i be ((-26)/10)/((-30)/150). Calculate the highest common factor of u and i.
13
Let y = 3649 + -3642. Calculate the greatest common divisor of 1141 and y.
7
Let r(p) = p**3 + p**2 - p + 46. Let s be r(0). Let k be 45 - (-3 - (4 + 55/(-5))). Suppose -207 = 32*x - k*x. Calculate the greatest common divisor of x and s.
23
Let s(z) = 2*z**3 - z**2 - 7*z + 24. Let m = -223 - -226. Let p be s(m). What is the greatest common factor of p and 112?
16
Let v = -227873 - -227938. Let x = 34 - -135. What is the greatest common factor of x and v?
13
Let u be (45/2)/((-8)/(-2544)). Suppose -1227 = 39*k - u. Calculate the highest common factor of k and 19.
19
Suppose -v = 5*b - 50, 14*b - 9*b - 140 = -3*v. Let r be 2 + (-1490)/(-75) + 6/v. Calculate the highest common divisor of 242 and r.
22
Let u be (-1110)/20*82/(-3). Suppose -8*n + u = -387. What is the highest common divisor of 102 and n?
34
Let j(a) = 120*a**3 - 8*a**2 - 62*a + 4. Let s be j(4). Calculate the greatest common factor of 1015 and s.
203
Let j = -27137 - -27195. Calculate the highest common divisor of j and 10034.
58
Let h(f) = -2589*f**3 + 2590*f**3 + 3*f**2 - 7 - 17*f - 1. Let v be h(-5). Calculate the highest common divisor of 135 and v.
27
Let t(f) = 2*f**3 - 11*f**2 + 11*f + 3. Suppose -3*x - 9*h + 10 = -4*h, 0 = -3*x + h + 16. Let z be t(x). What is the greatest common divisor of z and 44?
11
Suppose 2*u + 264 - 975 = 3*f, f = 2*u - 721. What is the greatest common factor of u and 242?
121
Suppose 1297 + 1728 = 7*j - 727. What is the highest common divisor of 8 and j?
8
Let x = -259 + 263. Suppose -x*a = -u - 7 + 46, -5*a + 185 = 3*u. Calculate the greatest common divisor of u and 77.
11
Suppose 776 = -4*r - 4*i, 4*i - 200 = r + 3*i. Let v = -171 - r. What is the greatest common factor of 52 and v?
26
Let n be (0 - 8)*(-5)/10 + -4. Suppose -6*w + 395 - 107 = n. What is the greatest common factor of 6 and w?
6
Let i be (-26)/(-5) + (4 - 105/25). Suppose -83 = -3*k + 5*q, i*q - 171 = -4*k - 2. What is the greatest common divisor of k and 468?
36
Suppose 15*f - 34997 = -1139 + 10257. What is the highest common factor of 17 and f?
17
Suppose 1573 = 8*g + 621. Calculate the highest common divisor of 959 and g.
7
Suppose -5*t + 3*t = -10. Suppose 2*c + 3*c - 3*a - 321 = 0, 0 = -3*c + 4*a + 186. Let k = 91 - c. What is the greatest common divisor of t and k?
5
Let h(i) = 61*i**2 + 40*i + 104. Let d be h(-3). What is the highest common divisor of 104 and d?
13
Let o(w) = -w**3 - 2*w + 2. Let s be o(0). Suppose 0 = -s*c, 5*j + 0*c - c - 30 = 0. Calculate the greatest common divisor of j and 3.
3
Suppose 0*r + 3*v = -3*r + 4062, -11*r + 2*v + 14881 = 0. Calculate the greatest common factor of 164 and r.
41
Suppose 0 = 3*x - 295 - 71. Let k = x - 113. Let l = 202 - 130. Calculate the greatest common factor of k and l.
9
Let v(c) = 35*c - 2. Let n be v(2). Let u(d) = -1432*d - 19742. Let z be u(-14). What is the highest common divisor of n and z?
34
Let t(j) = -9*j + 72. Let f be t(8). Let g be 15 + -1 + f*2/(-8). Calculate the highest common factor of 7 and g.
7
Suppose -178 - 57 = -5*g. Suppose 145 = 3*m - g. Calculate the highest common factor of m and 4.
4
Let f = -8355 - -8445. What is the highest common divisor of 2160 and f?
90
Suppose 4*y - 5*t - 5226 = 0, 51*y - 4*t = 54*y - 3966. What is the greatest common factor of 3358 and y?
146
Let c = -5485 + 5895. What is the greatest common divisor of c and 250?
10
Suppose -26*h - 27 + 105 = 0. Suppose -h*g - 60 = -8*g. Calculate the greatest common divisor of 3 and g.
3
Let q(x) = -21*x + 9. Let s be q(-8). Let l = s + -90. Let d = 93 - l. What is the highest common divisor of 24 and d?
6
Let f = 177 - 44. Calculate the highest common factor of 2 and f.
1
Let u be ((-66)/10)/((-28)/1540). Let w = -273 + u. What is the greatest common divisor of w and 135?
45
Let o(n) = -2*n + 10. Let u(g) = -2. Let c(d) = 2*o(d) + 4*u(d). Let h be c(-2). Calculate the highest common divisor of h and 320.
20
Let j = -39 + 43. Suppose -a + j*w = a - 16, 2*a - 52 = -5*w. Suppose 2*x = -o + a, x + 8 = 5*x. Calculate the greatest common factor of 24 and o.
12
Let j = -5356 - -5358. What is the highest common divisor of j and 14?
2
Let u(c) = -158*c - 5260. Let q be u(-34). What is the greatest common divisor of q and 19488?
112
Let k(z) = 176*z + 1264. Let q be k(-7). What is the greatest common factor of 1216 and q?
32
Let v be (-3 + 70/15)/((-5)/630). Let a = -202 - v. What is the greatest common divisor of 216 and a?
8
Let f = 47 + -45. Suppose f*s - 138 = 4*h + 14, -3*h = 2*s - 180. Suppose s = -5*v + 7*v. What is the greatest common divisor of 14 and v?
14
Let g = -2202 - -2217. What is the greatest common factor of g and 5250?
15
Suppose -50*u = -358260 - 413640. What is the highest common factor of u and 93?
93
Let h(n) = -n**2 + 220*n - 11901. Let k be h(97). What is the greatest common divisor of k and 14970?
30
Suppose -9*t + 273 = 12. Suppose -6*b = t*b - 840. Calculate the greatest common divisor of 1 and b.
1
Let k(c) = c**2 + 9*c + 8. Let o be k(-10). Let b(x) = x**3 - 5*x**2 - 9*x + 51. Let j be b(5). What is the highest common divisor of o and j?
6
Suppose 0 = -7*x + 2*x - 3*p + 931, 5*p = -4*x + 737. Suppose -4*i - 56 + x = 0. What is the greatest common divisor of 561 and i?
33
Suppose -4*o + 96 = -n, 0 = 4*o + o + 4*n - 99. Let m(f) = 3*f**2 - 25*f + 5. Let y be m(9). Calculate the greatest common factor of y and o.
23
Suppose 3*g - 10167 = -4*o, -2826*g - 16935 = -2831*g - 5*o. Calculate the greatest common factor of 2093 and g.
161
Let j = 2972 + -2820. Calculate the greatest common divisor of j and 216.
8
Let k be (-16475760)/(-990) + (6/(-33))/1. What is the highest common factor of k and 942?
314
Suppose -5*v + 128 = 13. Suppose v*x = 60 + 78. Calculate the highest common divisor of 32 and x.
2
Suppose 0 = 11*g - 59 + 15. Suppose 2*n + 10 = -2*o, 0*o = o - g*n - 15. Let s be (((-693)/28)/11)/(o/4). What is the highest common divisor of 6 and s?
3
Let p be 14/56 - 38/(-8). Suppose p*j + 3*o - 455 = 0, -j = -6*j + 2*o + 430. Let v = 39 - 28. What is the greatest common factor of v and j?
11
Let b = 112 - -3. Suppose 19 - b = -12*s. What is the highest common factor of 6 and s?
2
Let g = -5935 - -5958. What is the highest common divisor of g and 7061?
23
Let w(i) = 28*i**2 + 58*i + 793. Let s be w(-16). Calculate the highest common divisor of 13 and s.
13
Let i = 2764 - 2747. Let b(v) = -v + 43. Let w be b(26). Calculate the highest common divisor of w and i.
17
Let u be (-1 - 4)/(4/(-500)*5). Let z = -103 + u. What is the highest common divisor of z and 55?
11
Let l(y) = y**3 - 36*y**2 + 154*y + 63. Let i be l(31). Let s = 41 - 9. What is the highest common factor of s and i?
32
Let c(y) = -13*y + 3325. Let u be c(0). Calculate the highest common factor of u and 350.
175
Let x be (2 - -1) + 29 + -1. Suppose x = -2*m - 5*p, 0 = 3*p - 4*p - 5. Let v be m/(-2) + (-99)/(-6). What is the highest common divisor of v and 2?
2
Let a(d) = 7*d**2 + 2*d - 2. Let x be a(-2). Let z = x - 18. Suppose -2*t + 120 = -3*n, -4*t - 81 = -z*n - 313. Calculate the highest common factor of 6 and t.
6
Let d be 18*((-2)/(-4) - 0). Let g = 34926 - 34773. What is the highest common factor of d and g?
9
Suppose -13*f = -18 - 372. Suppose -20*s + 24*s - 1500 = 0. What is the highest common divisor of f and s?
15
Let c = -84 + 377. Calculate the highest common factor of 6 and c.
1
Suppose 4 = 3*d - 5*a - 0*a, -4*a + 8 = -d. Suppose -15*u = -11*u - d. What is the highest common factor of 5 and u?
1
Let r be -916*((-2